    
{"id":6418,"date":"2023-01-09T11:21:36","date_gmt":"2023-01-09T10:21:36","guid":{"rendered":"https:\/\/2023.expodefensa.fr\/informacion-practica\/"},"modified":"2023-03-28T12:09:23","modified_gmt":"2023-03-28T10:09:23","slug":"informacion-practica","status":"publish","type":"page","link":"https:\/\/www.expodefensa.com.co\/es\/informacion-practica\/","title":{"rendered":"Informaci\u00f3n pr\u00e1ctica"},"content":{"rendered":"","protected":false},"excerpt":{"rendered":"","protected":false},"author":1,"featured_media":0,"parent":0,"menu_order":0,"comment_status":"closed","ping_status":"closed","template":"","meta":{"_acf_changed":false,"footnotes":""},"class_list":["post-6418","page","type-page","status-publish","hentry"],"acf":[],"yoast_head":"<!-- This site is optimized with the Yoast SEO plugin v27.4 - https:\/\/yoast.com\/product\/yoast-seo-wordpress\/ -->\n<title>Expodefensa 2023 - Informaci\u00f3n pr\u00e1ctica<\/title>\n<meta name=\"description\" content=\"Obtenga toda la informaci\u00f3n que necesita para asistir a Expodefensa 2023 en Bogot\u00e1, Colombia. Ubicaci\u00f3n del lugar, transporte p\u00fablico y recomendaciones de alojamiento. Reserve ya su vuelo y su habitaci\u00f3n.\" \/>\n<meta name=\"robots\" content=\"index, follow, max-snippet:-1, max-image-preview:large, max-video-preview:-1\" \/>\n<link rel=\"canonical\" href=\"https:\/\/www.expodefensa.com.co\/es\/informacion-practica\/\" \/>\n<meta property=\"og:locale\" content=\"es_ES\" \/>\n<meta property=\"og:type\" content=\"article\" \/>\n<meta property=\"og:title\" content=\"Expodefensa 2023 - Informaci\u00f3n pr\u00e1ctica\" \/>\n<meta property=\"og:description\" content=\"Obtenga toda la informaci\u00f3n que necesita para asistir a Expodefensa 2023 en Bogot\u00e1, Colombia. Ubicaci\u00f3n del lugar, transporte p\u00fablico y recomendaciones de alojamiento. Reserve ya su vuelo y su habitaci\u00f3n.\" \/>\n<meta property=\"og:url\" content=\"https:\/\/www.expodefensa.com.co\/es\/informacion-practica\/\" \/>\n<meta property=\"og:site_name\" content=\"Expodefensa 2025\" \/>\n<meta property=\"article:modified_time\" content=\"2023-03-28T10:09:23+00:00\" \/>\n<meta property=\"og:image\" content=\"https:\/\/www.expodefensa.com.co\/wp-content\/uploads\/2023\/01\/logo_expodefensa-social.jpg\" \/>\n\t<meta property=\"og:image:width\" content=\"432\" \/>\n\t<meta property=\"og:image:height\" content=\"200\" \/>\n\t<meta property=\"og:image:type\" content=\"image\/jpeg\" \/>\n<meta name=\"twitter:card\" content=\"summary_large_image\" \/>\n<script type=\"application\/ld+json\" class=\"yoast-schema-graph\">{\"@context\":\"https:\\\/\\\/schema.org\",\"@graph\":[{\"@type\":\"WebPage\",\"@id\":\"https:\\\/\\\/www.expodefensa.com.co\\\/es\\\/informacion-practica\\\/\",\"url\":\"https:\\\/\\\/www.expodefensa.com.co\\\/es\\\/informacion-practica\\\/\",\"name\":\"Expodefensa 2023 - Informaci\u00f3n pr\u00e1ctica\",\"isPartOf\":{\"@id\":\"https:\\\/\\\/2023.expodefensa.fr\\\/#website\"},\"datePublished\":\"2023-01-09T10:21:36+00:00\",\"dateModified\":\"2023-03-28T10:09:23+00:00\",\"description\":\"Obtenga toda la informaci\u00f3n que necesita para asistir a Expodefensa 2023 en Bogot\u00e1, Colombia. Ubicaci\u00f3n del lugar, transporte p\u00fablico y recomendaciones de alojamiento. Reserve ya su vuelo y su habitaci\u00f3n.\",\"breadcrumb\":{\"@id\":\"https:\\\/\\\/www.expodefensa.com.co\\\/es\\\/informacion-practica\\\/#breadcrumb\"},\"inLanguage\":\"es\",\"potentialAction\":[{\"@type\":\"ReadAction\",\"target\":[\"https:\\\/\\\/www.expodefensa.com.co\\\/es\\\/informacion-practica\\\/\"]}]},{\"@type\":\"BreadcrumbList\",\"@id\":\"https:\\\/\\\/www.expodefensa.com.co\\\/es\\\/informacion-practica\\\/#breadcrumb\",\"itemListElement\":[{\"@type\":\"ListItem\",\"position\":1,\"name\":\"Home\",\"item\":\"https:\\\/\\\/www.expodefensa.com.co\\\/es\\\/home\\\/\"},{\"@type\":\"ListItem\",\"position\":2,\"name\":\"Informaci\u00f3n pr\u00e1ctica\"}]},{\"@type\":\"WebSite\",\"@id\":\"https:\\\/\\\/2023.expodefensa.fr\\\/#website\",\"url\":\"https:\\\/\\\/2023.expodefensa.fr\\\/\",\"name\":\"Expodefensa 2025\",\"description\":\"International Defense and Security Trade Fair\",\"publisher\":{\"@id\":\"https:\\\/\\\/2023.expodefensa.fr\\\/#organization\"},\"alternateName\":\"Expodefensa 2023\",\"potentialAction\":[{\"@type\":\"SearchAction\",\"target\":{\"@type\":\"EntryPoint\",\"urlTemplate\":\"https:\\\/\\\/2023.expodefensa.fr\\\/?s={search_term_string}\"},\"query-input\":{\"@type\":\"PropertyValueSpecification\",\"valueRequired\":true,\"valueName\":\"search_term_string\"}}],\"inLanguage\":\"es\"},{\"@type\":\"Organization\",\"@id\":\"https:\\\/\\\/2023.expodefensa.fr\\\/#organization\",\"name\":\"Expodefensa 2025\",\"alternateName\":\"Expodefensa 2023\",\"url\":\"https:\\\/\\\/2023.expodefensa.fr\\\/\",\"logo\":{\"@type\":\"ImageObject\",\"inLanguage\":\"es\",\"@id\":\"https:\\\/\\\/2023.expodefensa.fr\\\/#\\\/schema\\\/logo\\\/image\\\/\",\"url\":\"https:\\\/\\\/www.expodefensa.com.co\\\/wp-content\\\/uploads\\\/2023\\\/01\\\/logo_expodefensa-social.jpg\",\"contentUrl\":\"https:\\\/\\\/www.expodefensa.com.co\\\/wp-content\\\/uploads\\\/2023\\\/01\\\/logo_expodefensa-social.jpg\",\"width\":432,\"height\":200,\"caption\":\"Expodefensa 2025\"},\"image\":{\"@id\":\"https:\\\/\\\/2023.expodefensa.fr\\\/#\\\/schema\\\/logo\\\/image\\\/\"},\"sameAs\":[\"https:\\\/\\\/www.linkedin.com\\\/company\\\/expodefensa\\\/\"]}]}<\/script>\n<!-- \/ Yoast SEO plugin. -->","yoast_head_json":{"title":"Expodefensa 2023 - Informaci\u00f3n pr\u00e1ctica","description":"Obtenga toda la informaci\u00f3n que necesita para asistir a Expodefensa 2023 en Bogot\u00e1, Colombia. Ubicaci\u00f3n del lugar, transporte p\u00fablico y recomendaciones de alojamiento. Reserve ya su vuelo y su habitaci\u00f3n.","robots":{"index":"index","follow":"follow","max-snippet":"max-snippet:-1","max-image-preview":"max-image-preview:large","max-video-preview":"max-video-preview:-1"},"canonical":"https:\/\/www.expodefensa.com.co\/es\/informacion-practica\/","og_locale":"es_ES","og_type":"article","og_title":"Expodefensa 2023 - Informaci\u00f3n pr\u00e1ctica","og_description":"Obtenga toda la informaci\u00f3n que necesita para asistir a Expodefensa 2023 en Bogot\u00e1, Colombia. Ubicaci\u00f3n del lugar, transporte p\u00fablico y recomendaciones de alojamiento. Reserve ya su vuelo y su habitaci\u00f3n.","og_url":"https:\/\/www.expodefensa.com.co\/es\/informacion-practica\/","og_site_name":"Expodefensa 2025","article_modified_time":"2023-03-28T10:09:23+00:00","og_image":[{"width":432,"height":200,"url":"https:\/\/www.expodefensa.com.co\/wp-content\/uploads\/2023\/01\/logo_expodefensa-social.jpg","type":"image\/jpeg"}],"twitter_card":"summary_large_image","schema":{"@context":"https:\/\/schema.org","@graph":[{"@type":"WebPage","@id":"https:\/\/www.expodefensa.com.co\/es\/informacion-practica\/","url":"https:\/\/www.expodefensa.com.co\/es\/informacion-practica\/","name":"Expodefensa 2023 - Informaci\u00f3n pr\u00e1ctica","isPartOf":{"@id":"https:\/\/2023.expodefensa.fr\/#website"},"datePublished":"2023-01-09T10:21:36+00:00","dateModified":"2023-03-28T10:09:23+00:00","description":"Obtenga toda la informaci\u00f3n que necesita para asistir a Expodefensa 2023 en Bogot\u00e1, Colombia. Ubicaci\u00f3n del lugar, transporte p\u00fablico y recomendaciones de alojamiento. Reserve ya su vuelo y su habitaci\u00f3n.","breadcrumb":{"@id":"https:\/\/www.expodefensa.com.co\/es\/informacion-practica\/#breadcrumb"},"inLanguage":"es","potentialAction":[{"@type":"ReadAction","target":["https:\/\/www.expodefensa.com.co\/es\/informacion-practica\/"]}]},{"@type":"BreadcrumbList","@id":"https:\/\/www.expodefensa.com.co\/es\/informacion-practica\/#breadcrumb","itemListElement":[{"@type":"ListItem","position":1,"name":"Home","item":"https:\/\/www.expodefensa.com.co\/es\/home\/"},{"@type":"ListItem","position":2,"name":"Informaci\u00f3n pr\u00e1ctica"}]},{"@type":"WebSite","@id":"https:\/\/2023.expodefensa.fr\/#website","url":"https:\/\/2023.expodefensa.fr\/","name":"Expodefensa 2025","description":"International Defense and Security Trade Fair","publisher":{"@id":"https:\/\/2023.expodefensa.fr\/#organization"},"alternateName":"Expodefensa 2023","potentialAction":[{"@type":"SearchAction","target":{"@type":"EntryPoint","urlTemplate":"https:\/\/2023.expodefensa.fr\/?s={search_term_string}"},"query-input":{"@type":"PropertyValueSpecification","valueRequired":true,"valueName":"search_term_string"}}],"inLanguage":"es"},{"@type":"Organization","@id":"https:\/\/2023.expodefensa.fr\/#organization","name":"Expodefensa 2025","alternateName":"Expodefensa 2023","url":"https:\/\/2023.expodefensa.fr\/","logo":{"@type":"ImageObject","inLanguage":"es","@id":"https:\/\/2023.expodefensa.fr\/#\/schema\/logo\/image\/","url":"https:\/\/www.expodefensa.com.co\/wp-content\/uploads\/2023\/01\/logo_expodefensa-social.jpg","contentUrl":"https:\/\/www.expodefensa.com.co\/wp-content\/uploads\/2023\/01\/logo_expodefensa-social.jpg","width":432,"height":200,"caption":"Expodefensa 2025"},"image":{"@id":"https:\/\/2023.expodefensa.fr\/#\/schema\/logo\/image\/"},"sameAs":["https:\/\/www.linkedin.com\/company\/expodefensa\/"]}]}},"_links":{"self":[{"href":"https:\/\/www.expodefensa.com.co\/es\/wp-json\/wp\/v2\/pages\/6418","targetHints":{"allow":["GET"]}}],"collection":[{"href":"https:\/\/www.expodefensa.com.co\/es\/wp-json\/wp\/v2\/pages"}],"about":[{"href":"https:\/\/www.expodefensa.com.co\/es\/wp-json\/wp\/v2\/types\/page"}],"author":[{"embeddable":true,"href":"https:\/\/www.expodefensa.com.co\/es\/wp-json\/wp\/v2\/users\/1"}],"replies":[{"embeddable":true,"href":"https:\/\/www.expodefensa.com.co\/es\/wp-json\/wp\/v2\/comments?post=6418"}],"version-history":[{"count":1,"href":"https:\/\/www.expodefensa.com.co\/es\/wp-json\/wp\/v2\/pages\/6418\/revisions"}],"predecessor-version":[{"id":7908,"href":"https:\/\/www.expodefensa.com.co\/es\/wp-json\/wp\/v2\/pages\/6418\/revisions\/7908"}],"wp:attachment":[{"href":"https:\/\/www.expodefensa.com.co\/es\/wp-json\/wp\/v2\/media?parent=6418"}],"curies":[{"name":"wp","href":"https:\/\/api.w.org\/{rel}","templated":true}]}}

Información práctica

<!-- This site is optimized with the Yoast SEO plugin v27.4 - https://yoast.com/product/yoast-seo-wordpress/ -->
<title>Expodefensa 2023 - Información práctica</title>
<meta name="description" content="Obtenga toda la información que necesita para asistir a Expodefensa 2023 en Bogotá, Colombia. Ubicación del lugar, transporte público y recomendaciones de alojamiento. Reserve ya su vuelo y su habitación." />
<meta name="robots" content="index, follow, max-snippet:-1, max-image-preview:large, max-video-preview:-1" />
<link rel="canonical" href="https://www.expodefensa.com.co/es/informacion-practica/" />
<meta property="og:locale" content="es_ES" />
<meta property="og:type" content="article" />
<meta property="og:title" content="Expodefensa 2023 - Información práctica" />
<meta property="og:description" content="Obtenga toda la información que necesita para asistir a Expodefensa 2023 en Bogotá, Colombia. Ubicación del lugar, transporte público y recomendaciones de alojamiento. Reserve ya su vuelo y su habitación." />
<meta property="og:url" content="https://www.expodefensa.com.co/es/informacion-practica/" />
<meta property="og:site_name" content="Expodefensa 2025" />
<meta property="article:modified_time" content="2023-03-28T10:09:23+00:00" />
<meta property="og:image" content="https://www.expodefensa.com.co/wp-content/uploads/2023/01/logo_expodefensa-social.jpg" />
	<meta property="og:image:width" content="432" />
	<meta property="og:image:height" content="200" />
	<meta property="og:image:type" content="image/jpeg" />
<meta name="twitter:card" content="summary_large_image" />
<script type="application/ld+json" class="yoast-schema-graph">{"@context":"https:\/\/schema.org","@graph":[{"@type":"WebPage","@id":"https:\/\/www.expodefensa.com.co\/es\/informacion-practica\/","url":"https:\/\/www.expodefensa.com.co\/es\/informacion-practica\/","name":"Expodefensa 2023 - Información práctica","isPartOf":{"@id":"https:\/\/2023.expodefensa.fr\/#website"},"datePublished":"2023-01-09T10:21:36+00:00","dateModified":"2023-03-28T10:09:23+00:00","description":"Obtenga toda la información que necesita para asistir a Expodefensa 2023 en Bogotá, Colombia. Ubicación del lugar, transporte público y recomendaciones de alojamiento. Reserve ya su vuelo y su habitación.","breadcrumb":{"@id":"https:\/\/www.expodefensa.com.co\/es\/informacion-practica\/#breadcrumb"},"inLanguage":"es","potentialAction":[{"@type":"ReadAction","target":["https:\/\/www.expodefensa.com.co\/es\/informacion-practica\/"]}]},{"@type":"BreadcrumbList","@id":"https:\/\/www.expodefensa.com.co\/es\/informacion-practica\/#breadcrumb","itemListElement":[{"@type":"ListItem","position":1,"name":"Home","item":"https:\/\/www.expodefensa.com.co\/es\/home\/"},{"@type":"ListItem","position":2,"name":"Información práctica"}]},{"@type":"WebSite","@id":"https:\/\/2023.expodefensa.fr\/#website","url":"https:\/\/2023.expodefensa.fr\/","name":"Expodefensa 2025","description":"International Defense and Security Trade Fair","publisher":{"@id":"https:\/\/2023.expodefensa.fr\/#organization"},"alternateName":"Expodefensa 2023","potentialAction":[{"@type":"SearchAction","target":{"@type":"EntryPoint","urlTemplate":"https:\/\/2023.expodefensa.fr\/?s={search_term_string}"},"query-input":{"@type":"PropertyValueSpecification","valueRequired":true,"valueName":"search_term_string"}}],"inLanguage":"es"},{"@type":"Organization","@id":"https:\/\/2023.expodefensa.fr\/#organization","name":"Expodefensa 2025","alternateName":"Expodefensa 2023","url":"https:\/\/2023.expodefensa.fr\/","logo":{"@type":"ImageObject","inLanguage":"es","@id":"https:\/\/2023.expodefensa.fr\/#\/schema\/logo\/image\/","url":"https:\/\/www.expodefensa.com.co\/wp-content\/uploads\/2023\/01\/logo_expodefensa-social.jpg","contentUrl":"https:\/\/www.expodefensa.com.co\/wp-content\/uploads\/2023\/01\/logo_expodefensa-social.jpg","width":432,"height":200,"caption":"Expodefensa 2025"},"image":{"@id":"https:\/\/2023.expodefensa.fr\/#\/schema\/logo\/image\/"},"sameAs":["https:\/\/www.linkedin.com\/company\/expodefensa\/"]}]}</script>
<!-- / Yoast SEO plugin. -->

Expodefensa 2023 - Información práctica

Obtenga toda la información que necesita para asistir a Expodefensa 2023 en Bogotá, Colombia. Ubicación del lugar, transporte público y recomendaciones de alojamiento. Reserve ya su vuelo y su habitación.
